{"id":365,"date":"2018-10-22T20:13:15","date_gmt":"2018-10-22T20:13:15","guid":{"rendered":"http:\/\/gorzowskiegry.pl\/?page_id=365"},"modified":"2018-11-14T20:19:03","modified_gmt":"2018-11-14T20:19:03","slug":"regulamin-gry-w-czerwona-baske","status":"publish","type":"page","link":"http:\/\/gorzowskiegry.pl\/?page_id=365","title":{"rendered":"Regulaminy"},"content":{"rendered":"<p>&nbsp;<br \/>\n&nbsp;<\/p>\n<p><strong>REGULAMIN SUPERPUCHARU w<\/strong><\/p>\n<p><strong>\u201eCZERWON\u0104 BA\u015aK\u0118\u201d<\/strong><\/p>\n<p>1. Rozgrywki odb\u0119d\u0105 si\u0119 we wcze\u015bniej og\u0142oszonym terminie, po<br \/>\nrozegraniu ostatniego turnieju sezonu t.j. Mistrzostw<br \/>\nWojew\u00f3dztwa.<\/p>\n<p>2. Przez ca\u0142y sezon z oficjalnych rozgrywek umieszczonych w<br \/>\nterminarzu klubu \u201eKONTRA\u201d, jest liczony ranking klubu \u201e<br \/>\nKONTRA\u201d dla wszystkich zawodnik\u00f3w.<\/p>\n<p>3. W rozgrywce o SUPERPUCHAR bierze udzia\u0142 4 obecnych<br \/>\nzawodnik\u00f3w z najwy\u017cszymi rankingami klubu \u201eKONTRA\u201d w<br \/>\ndniu rozgrywki o SUPERPUCHAR.<\/p>\n<p>4. Zawodnik chc\u0105cy wzi\u0105\u0107 udzia\u0142 w SUPERPUCHARZE, musi<br \/>\nzajmowa\u0107 jedno z czterech pierwszych miejsc w rankingu i<br \/>\nmie\u0107 rozegrane minimum po\u0142ow\u0119 z liczby maksymalnie<br \/>\nrozegranych rund.<\/p>\n<p>5. Je\u017celi zawodnik nie rozegra\u0142 wymaganej ilo\u015bci rund<br \/>\nmo\u017cliwo\u015b\u0107 gry przypada na kolejnego zawodnika z ni\u017cszym<br \/>\nrankingiem a spe\u0142niaj\u0105cym ten warunek.<\/p>\n<p>6. Rozegrane zostan\u0105 5 rund przy jednym stoliku, z udzia\u0142em 4<br \/>\nustalonych graczy wg zasad gry w \u201eczerwon\u0105 ba\u015bk\u0119\u201d.<\/p>\n<p>7. O ostatecznej kolejno\u015bci zaj\u0119tych miejsc zdecyduje przede<br \/>\nwszystkim suma ilo\u015bci punkt\u00f3w za rundy (du\u017ce punkty), a<br \/>\nnast\u0119pnie ilo\u015b\u0107 ma\u0142ych punkt\u00f3w za rund\u0119.<\/p>\n<p>8. Zawodnicy ci otrzymaj\u0105 puchary w zale\u017cno\u015bci od zaj\u0119tych<br \/>\nmiejsc od 1 do 4 .<\/p>\n<p>9. O 5 miejsce i puchar r\u00f3wnolegle zostan\u0105 rozegrane rundy<br \/>\nw\u015br\u00f3d pozosta\u0142ych zawodnik\u00f3w.<\/p>\n<p><strong>REGULAMIN <\/strong><\/p>\n<p><strong>W SPORTOWEJ GRZE w CZERWON\u0104 BA\u015aK\u0118<\/strong><\/p>\n<p><strong>(as i 10 kier bez gran\u00f3w)<\/strong><\/p>\n<h2><strong style=\"font-size: 16px;\">Uczestnicy<\/strong><\/h2>\n<p>Osoby, kt\u00f3re po zaakceptowaniu niniejszego regulaminu zg\u0142osz\u0105 si\u0119 \u00a0przynajmniej na p\u00f3\u0142 godziny przed rozpocz\u0119ciem turnieju w miejscu jego rozgrywania.<\/p>\n<p><strong>\u00a0<\/strong><strong>Szczeg\u00f3\u0142y na stronie internetowej www.gorzowskiegry.pl\u00a0\u00a0\u00a0\u00a0\u00a0\u00a0\u00a0\u00a0\u00a0\u00a0\u00a0\u00a0\u00a0 <\/strong><\/p>\n<p>Turniej w sportowej grze Czerwon\u0105 Ba\u015bk\u0119 zostanie rozegrany w przypadku przyst\u0105pienia do gry zgodnie z niniejszym regulaminem przynajmniej 8 os\u00f3b.<\/p>\n<ol>\n<li>Kolejno\u015b\u0107 kart od najs\u0142abszej:<\/li>\n<\/ol>\n<ul>\n<li>10 &#8211; trefl i pik,<\/li>\n<li>as \u2013 trefl i pik wy\u017cszy jest ten as, kt\u00f3ry schodzi,<\/li>\n<li>10 i as karo,<\/li>\n<li>walet\/bubek\/ karo, kier, pik i trefl,<\/li>\n<li>dama \u2013 karo, kier, pik i trefl,<\/li>\n<li>10 kier,<\/li>\n<li>oraz as \u2013 kier.<\/li>\n<\/ul>\n<p>Warto\u015b\u0107 punktowa poszczeg\u00f3lnych kart: as &#8211; 11 oczek, 10 &#8211; dziesi\u0119\u0107 oczek, dama &#8211; 3 oczka i walet (bubek) &#8211; 2 oczka (punkty). Suma punkt\u00f3w \u2013 104 \u2013 tzw. wyj\u015bcie to 26 punkt\u00f3w dla \u201estarych\u201d i \u201em\u0142odych\u201d , boki 52 pkt.<\/p>\n<p>&nbsp;<\/p>\n<p>III. ZASADY GRY.<\/p>\n<p>Turniej \u00a0organizowany jest wed\u0142ug nast\u0119puj\u0105cych zasad.<\/p>\n<ol>\n<li>W pi\u0119ciu rundach po 32 rozdaniach \u2013 do ka\u017cdej rundy przeprowadzone zostanie losowanie miejsc przy stolikach (tyle stolik\u00f3w ile czw\u00f3rek graj\u0105cych).<\/li>\n<li>Liczba uczestnik\u00f3w gry przy jednym stoliku &#8211; 4 osoby. Rozdaj\u0105cy zmienia si\u0119 zgodnie ze wskaz\u00f3wkami zegara. Pierwszy rozdaj\u0105cy jest na dobiciu, czyli jako ostatni k\u0142adzie kart\u0119 w pierwszej bitce. Gracz, kt\u00f3ry jest po lewej stronie rozdaj\u0105cego, pyta si\u0119, co kolejni gracze licytuj\u0105, przy czym w licytacji obowi\u0105zuje kolejno\u015b\u0107 zgodnie z ruchem wskaz\u00f3wek zegara\/pierwsze\u0144stwo ma ten po lewej stronie pytaj\u0105cego, licytacja toczy si\u0119 nawet kilka razy w ko\u0142o, a\u017c do zako\u0144czenia<\/li>\n<li>Je\u015bli zawodnicy b\u0119d\u0105 mieli wolny los w danej rundzie otrzymaj\u0105 po 2,5 pkt. (zero punkt\u00f3w ma\u0142ych.)<\/li>\n<li>W grze w Ba\u015bk\u0119 obowi\u0105zuj\u0105 trzy kardynalne zasady: dok\u0142adania do koloru w przypadku zej\u015bcia z jakiejkolwiek z czterech najni\u017cszych kart \u2013 czyli z\u00a0 10 pik i trefl lub asa trefl jak r\u00f3wnie\u017c pik oraz przebijania i dodawania trumfa (gdy nie mo\u017cna przebi\u0107).<\/li>\n<\/ol>\n<p>&nbsp;<\/p>\n<h5>\u00a0\u00a0\u00a0\u00a0\u00a0\u00a0\u00a0\u00a0\u00a0\u00a0\u00a0\u00a0\u00a0\u00a0\u00a0 W ca\u0142ym turnieju jeden zawodnik mo\u017ce mie\u0107 tylko raz wolny los.<\/h5>\n<ol start=\"5\">\n<li>Licytacja (rajcowanie) \u2013 kontra, rej, bok, sup, przy zoli i zolo-du tylko kontra, rej .<\/li>\n<\/ol>\n<p>Nie liczy si\u0119 kontra na cich\u0105 je\u017celi graj\u0105cy gra z asem kier i dwoma starymi damami i dam\u0105 kier lub karo lub waletem krzy\u017c na dobiciu. Jest to zolo. Pytaj\u0105cy o licytacj\u0119 k\u0142adzie pierwszy kart\u0119 na st\u00f3\u0142, kolejni gracze je\u015bli maj\u0105 mo\u017cliwo\u015b\u0107 musz\u0105\u00a0 przebi\u0107 najwy\u017csz\u0105 kart\u0119 lub doda\u0107 kolor, je\u015bli by\u0142o zej\u015bcie\u00a0 z jednej z czterech najni\u017cszy kart, czyli z 10 \u2013 pik lub trefl albo z as-pik lub trefl. W sytuacji gdy w ostatniej lewej spotkaj\u0105 si\u0119 cztery najni\u017csze karty (tzw. blotki), to bitk\u0119 zabiera posiadacz asa na zej\u015bciu lub takiego asa, z jakiej 10 zszed\u0142 gracz, kt\u00f3ry zabra\u0142 trzeci\u0105 lew\u0105.<\/p>\n<ol start=\"6\">\n<li>Bitk\u0119 bierze ten, kto po\u0142o\u017cy\u0142 najwy\u017csz\u0105 kart\u0119 ze wszystkich czterech graczy i to on wychodzi do nast\u0119pnej bitki (obowi\u0105zuje zasada przebijania trumf\u00f3w).<\/li>\n<li>Po\u0142o\u017cenie karty nie w kolejno\u015bci do przebiegu danej rozgrywki powoduje przegran\u0105 danej pary, tr\u00f3jki przeciwnik\u00f3w (przy wersji trzech na jednego: ciche wesele, zolo, zolo-du) lub jednego graj\u0105cego samodzielnie.<\/li>\n<\/ol>\n<p>&nbsp;<\/p>\n<p>III. RODZAJE GIER.<\/p>\n<p>A\/ gra zwyk\u0142a parami czyli \u2013 gra starzy na m\u0142odych. \u201eStarzy\u201d to posiadacze damy trefl i pik. Kto gra z kim oka\u017ce si\u0119 w trakcie lub po grze. Wygrywa ta para kt\u00f3ra zdob\u0119dzie wi\u0119cej oczek \/pkt.\/ w ramach zdobytych lew \u2013 bitek. Je\u015bli liczba oczek jest r\u00f3wna tzn., \u017ce s\u0105 boki wtedy przy grze bez kontry przegrywaj\u0105 \u201estarzy\u201d lub przegrywa ta para, kt\u00f3ra wy\u017cej licytowa\u0142a. Para \u201estarych\u201d aby wygra\u0107 musi zdoby\u0107 minimum 53 oczka.<\/p>\n<p>B\/ wesele \u2013 jest to wersja gry parami, gdy jeden z zawodnik\u00f3w posiada dwie stare damy i nie jest w stanie sam wygra\u0107. Zg\u0142asza wesele w pierwszej kolejce licytacji. Graj\u0105cy wesele nie mo\u017ce da\u0107 sobie kontry, ale mo\u017ce da\u0107 reja i supa. Weselnikiem jest najstarszy walet nie b\u0119d\u0105cy u graj\u0105cego wesele . (wtedy wsp\u00f3lnie tworz\u0105 par\u0119).<\/p>\n<p>C\/ &#8211; ciche wesele\/cicha\/ \u2013 posiadacz obu starych dam gra sam. Zasady wygranej s\u0105 takie same jak w dw\u00f3ch poprzednich przypadkach. Zawodnik graj\u0105cy ciche wesele mo\u017ce podwy\u017csza\u0107 gr\u0119 je\u015bli przynajmniej jeden zawodnik licytowa\u0142 podwy\u017cszenie gry.<\/p>\n<p>D\/ zolo \u2013 gracz, kt\u00f3ry chce gra\u0107 sam m\u00f3wi zolo, ale musi uzbiera\u0107 sam 53 pkt., aby wygra\u0107. W przypadku gdy zawodnik ma trzy karty z g\u00f3ry (najsilniejsze z zachowaniem zasady na dobiciu) wyk\u0142ada je na st\u00f3\u0142 i wygrywa zolo bez gry.\u00a0 Na gr\u0119 zolo mo\u017cna da\u0107 tylko kontr\u0119 i rej, ale trzeba si\u0119 wtedy liczy\u0107, \u017ce\u00a0 w przypadku bok\u00f3w w\u00f3wczas si\u0119 przegrywa.<\/p>\n<p>E\/ zolo-du \u2013 gracz, kt\u00f3ry wylicytuje zolo &#8211; du musi zabra\u0107 wszystkie lewe.<\/p>\n<p>W przypadku gdy zawodnik ma cztery karty z g\u00f3ry (najsilniejsze r\u00f3wnie\u017c z tzw. zasad\u0105 na dobiciu) wyk\u0142ada je na st\u00f3\u0142 i wygrywa zolo-du bez gry.\u00a0 .<\/p>\n<ol>\n<li>Punktacja za poszczeg\u00f3lne gry w kolejno\u015bci: przegrana, przegrana bez wyj\u015bcia, przegrana bez bitki.<\/li>\n<\/ol>\n<p>&nbsp;<\/p>\n<table width=\"615\">\n<tbody>\n<tr>\n<td width=\"38\">Lp.<\/td>\n<td width=\"135\">Rodzaj gry<\/td>\n<td width=\"131\">Z wyj\u015bciem<\/p>\n<p>&nbsp;<\/td>\n<td width=\"157\">\u00a0\u00a0\u00a0\u00a0\u00a0 Bez wyj\u015bcia<\/td>\n<td width=\"155\">\u00a0\u00a0\u00a0\u00a0\u00a0\u00a0 Bez bitki<\/td>\n<\/tr>\n<tr>\n<td width=\"38\">1.<\/td>\n<td width=\"135\">bez kontry starzy<\/p>\n<p>bez kontry m\u0142odzi<\/p>\n<p>&nbsp;<\/td>\n<td width=\"131\">1 pkt.<\/p>\n<p>2 pkt.<\/td>\n<td width=\"157\">2 pkt.<\/p>\n<p>4 pkt.<\/td>\n<td width=\"155\">3pkt.<\/p>\n<p>6pkt.<\/p>\n<p>&nbsp;<\/td>\n<\/tr>\n<tr>\n<td width=\"38\">2.<\/td>\n<td width=\"135\">z kontr\u0105 starzy<\/p>\n<p>z kontr\u0105 m\u0142odzi<\/p>\n<p>&nbsp;<\/td>\n<td width=\"131\">2 pkt.<\/p>\n<p>4 pkt.<\/td>\n<td width=\"157\">4 pkt.<\/p>\n<p>8 pkt.<\/td>\n<td width=\"155\">6pkt.<\/p>\n<p>12 pkt.<\/td>\n<\/tr>\n<tr>\n<td width=\"38\">3.<\/td>\n<td width=\"135\">z rejem starzy<\/p>\n<p>z rejem m\u0142odzi<\/p>\n<p>&nbsp;<\/td>\n<td width=\"131\">4 pkt.<\/p>\n<p>8pkt.<\/td>\n<td width=\"157\">8 pkt.<\/p>\n<p>16 pkt.<\/td>\n<td width=\"155\">12 pkt.<\/p>\n<p>24 pkt.<\/td>\n<\/tr>\n<tr>\n<td width=\"38\">4.<\/td>\n<td width=\"135\">z bokiem starzy<\/p>\n<p>z bokiem m\u0142odzi<\/p>\n<p>&nbsp;<\/td>\n<td width=\"131\">8 pkt.<\/p>\n<p>16 pkt.<\/td>\n<td width=\"157\">16 pkt.<\/p>\n<p>32 pkt.<\/td>\n<td width=\"155\">\u00a024 pkt.<\/p>\n<p>64 pkt.<\/td>\n<\/tr>\n<tr>\n<td width=\"38\">5.<\/td>\n<td width=\"135\">z supem starzy<\/p>\n<p>z supem m\u0142odzi<\/p>\n<p>&nbsp;<\/td>\n<td width=\"131\">16 pkt.<\/p>\n<p>32 pkt.<\/td>\n<td width=\"157\">32. pkt.<\/p>\n<p>64 pkt.<\/td>\n<td width=\"155\">64 pkt.<\/p>\n<p>128 pkt.<\/td>\n<\/tr>\n<tr>\n<td width=\"38\">6.<\/p>\n<p>&nbsp;<\/td>\n<td width=\"135\">wesele jak wy\u017cej<\/p>\n<p>starzy<\/p>\n<p>&nbsp;<\/p>\n<p>m\u0142odzi jak wy\u017cej<\/td>\n<td width=\"131\">tak jak wy\u017cej od<\/p>\n<p>1do 16 pkt.<\/p>\n<p>&nbsp;<\/p>\n<p>od 2 do 32 pkt.<\/td>\n<td width=\"157\">tak jak wy\u017cej od<\/p>\n<p>2 do 32 pkt.<\/p>\n<p>&nbsp;<\/p>\n<p>od 4 do 64 pkt.<\/p>\n<p>&nbsp;<\/td>\n<td width=\"155\">tak jak wy\u017cej od<\/p>\n<p>3 do 64 pkt.<\/p>\n<p>&nbsp;<\/p>\n<p>od 6 do 128 pkt.<\/p>\n<p>&nbsp;<\/td>\n<\/tr>\n<tr>\n<td width=\"38\">7.<\/td>\n<td width=\"135\">cicha<\/p>\n<p>(ciche wesele)<\/td>\n<td width=\"131\">od poziomu<\/p>\n<p>12 pkt.<\/p>\n<p>do<\/p>\n<p>192 pkt.<\/p>\n<p>&nbsp;<\/td>\n<td width=\"157\">&nbsp;<\/p>\n<p>&nbsp;<\/p>\n<p>&nbsp;<\/p>\n<p>x<\/td>\n<td width=\"155\">&nbsp;<\/p>\n<p>&nbsp;<\/p>\n<p>&nbsp;<\/p>\n<p>x<\/p>\n<p>&nbsp;<\/td>\n<\/tr>\n<tr>\n<td width=\"38\">8.<\/td>\n<td width=\"135\">zolo<\/td>\n<td width=\"131\">15 pkt.<\/td>\n<td width=\"157\">30 pkt.<\/p>\n<p>&nbsp;<\/td>\n<td width=\"155\">60 pkt.<\/td>\n<\/tr>\n<tr>\n<td width=\"38\">9.<\/td>\n<td width=\"135\">zolo \u2013 du<\/td>\n<td width=\"131\">30 pkt.<\/td>\n<td width=\"157\">\u00a060 pkt.<\/td>\n<td width=\"155\">120<\/td>\n<\/tr>\n<tr>\n<td width=\"38\">10.<\/td>\n<td width=\"135\">honorowe<\/p>\n<p>zolo \u2013 du 4damy<\/td>\n<td width=\"131\">30 pkt.<\/td>\n<td width=\"157\">x<\/td>\n<td width=\"155\">x<\/td>\n<\/tr>\n<\/tbody>\n<\/table>\n<p>&nbsp;<\/p>\n<ol>\n<li>Klasyfikacja<\/li>\n<\/ol>\n<p>Turniej \u00a0przeprowadzony jest tylko w klasyfikacji indywidualnej.<\/p>\n<p>Dla ustalenia klasyfikacji indywidualnej poszczeg\u00f3lnych zawodnik\u00f3w przy ka\u017cdym stoliku prowadzony b\u0119dzie zapis (protok\u00f3\u0142 wynik\u00f3w ka\u017cdej gry w wersji sumuj\u0105cej wyniki wszystkich 32 rozda\u0144) \u2013 dokonywany przez zawodnika wybranego przez dan\u0105 czw\u00f3rk\u0119 zasiadaj\u0105c\u0105 przy stoliku. Po zako\u0144czeniu rundy protok\u00f3\u0142 musi by\u0107 podpisany przez wszystkich zawodnik\u00f3w danego stolika, w tym przez protokolanta.<\/p>\n<p>O kolejno\u015bci zawodnik\u00f3w w ko\u0144cowej klasyfikacji ka\u017cdej rundy z\u0142o\u017conej z 32 rozda\u0144, decydowa\u0107 b\u0119dzie wi\u0119ksza ilo\u015b\u0107 zdobytych punkt\u00f3w tzw. stolikowych, kt\u00f3ra stanowi\u0107 b\u0119dzie podstaw\u0119 do ostatecznej klasyfikacji zawodnik\u00f3w po danej rundzie \u00a0i przyznania im odpowiednio 5-3-2-1 pkt. W przypadku r\u00f3wnej ilo\u015bci punkt\u00f3w suma punkt\u00f3w jest dzielona na dw\u00f3ch zawodnik\u00f3w: np. 1 i 2 m-ce 5+3=8:2, czyli po 4 pkt. dla obu zawodnik\u00f3w itd.<\/p>\n<p>O zwyci\u0119stwie w mistrzostwach zdecyduje suma punkt\u00f3w, o kt\u00f3rych mowa wy\u017cej zdobytych w pi\u0119ciu rundach.<\/p>\n<p>W sytuacji gdy zawodnicy b\u0119d\u0105 mieli tak\u0105 sam\u0105 liczb\u0119 tzw. punkt\u00f3w stolikowych po wszystkich rundach &#8211; o kolejno\u015bci miejsc decydowa\u0107 b\u0119dzie lepszy bilans zdobytych ma\u0142ych punkt\u00f3w ze wszystkich rund(czyli plusy i minusy), nast\u0119pnie wi\u0119ksza liczba pierwszych, drugich i trzecich miejsc czyli 5 pkt., 3 pkt., 2 pkt. lub ewentualnie mniejsza liczba czwartych miejsc.(je\u015bli punkty b\u0119d\u0105 dzielone to ich warto\u015bci b\u0119d\u0105 si\u0119 liczy\u0142y tak samo np. 4 pkt., 2,5 pkt. i tak dalej).<\/p>\n<p>Nad przebiegiem zawod\u00f3w kontrol\u0119 sprawowa\u0107 b\u0119dzie s\u0119dzia wyznaczony przez organizatora rozgrywek.<\/p>\n<p>Organizator zapewnia karty do gry. \u017byczymy powodzenia.<\/p>\n<p><strong>\u00a0 \u00a0 \u00a0 \u00a0 \u00a0 \u00a0 \u00a0Zarz\u0105d GKSGKiU \u201dKontra\u201e<\/strong><\/p>\n<p>&nbsp;<\/p>\n","protected":false},"excerpt":{"rendered":"<p>&nbsp; &nbsp; REGULAMIN SUPERPUCHARU w \u201eCZERWON\u0104 BA\u015aK\u0118\u201d 1. Rozgrywki odb\u0119d\u0105 si\u0119 we wcze\u015bniej og\u0142oszonym terminie, po rozegraniu ostatniego turnieju sezonu t.j. Mistrzostw Wojew\u00f3dztwa. 2. Przez ca\u0142y sezon z oficjalnych rozgrywek umieszczonych w terminarzu klubu \u201eKONTRA\u201d, jest liczony ranking klubu \u201e KONTRA\u201d dla wszystkich zawodnik\u00f3w. 3. W rozgrywce o SUPERPUCHAR bierze udzia\u0142 4 obecnych zawodnik\u00f3w z [&hellip;]<\/p>\n","protected":false},"author":1,"featured_media":0,"parent":0,"menu_order":0,"comment_status":"closed","ping_status":"closed","template":"","meta":[],"_links":{"self":[{"href":"http:\/\/gorzowskiegry.pl\/index.php?rest_route=\/wp\/v2\/pages\/365"}],"collection":[{"href":"http:\/\/gorzowskiegry.pl\/index.php?rest_route=\/wp\/v2\/pages"}],"about":[{"href":"http:\/\/gorzowskiegry.pl\/index.php?rest_route=\/wp\/v2\/types\/page"}],"author":[{"embeddable":true,"href":"http:\/\/gorzowskiegry.pl\/index.php?rest_route=\/wp\/v2\/users\/1"}],"replies":[{"embeddable":true,"href":"http:\/\/gorzowskiegry.pl\/index.php?rest_route=%2Fwp%2Fv2%2Fcomments&post=365"}],"version-history":[{"count":3,"href":"http:\/\/gorzowskiegry.pl\/index.php?rest_route=\/wp\/v2\/pages\/365\/revisions"}],"predecessor-version":[{"id":384,"href":"http:\/\/gorzowskiegry.pl\/index.php?rest_route=\/wp\/v2\/pages\/365\/revisions\/384"}],"wp:attachment":[{"href":"http:\/\/gorzowskiegry.pl\/index.php?rest_route=%2Fwp%2Fv2%2Fmedia&parent=365"}],"curies":[{"name":"wp","href":"https:\/\/api.w.org\/{rel}","templated":true}]}}